What is the thousands digit of 5861208?
1
What is the millions digit of 7542906?
7
What is the tens digit of 655454?
5
What is the thousands digit of 201479?
1
What is the thousands digit of 5658?
5
What is the units digit of 132251?
1
What is the thousands digit of 347970?
7
What is the hundred thousands digit of 688876?
6
What is the millions digit of 1966383?
1
What is the thousands digit of 58291?
8
What is the hundreds digit of 226726?
7
What is the ten thousands digit of 78001?
7
What is the ten thousands digit of 453957?
5
What is the ten thousands digit of 91588?
9
What is the tens digit of 4461445?
4
What is the tens digit of 437348?
4
What is the ten thousands digit of 102169?
0
What is the millions digit of 2910626?
2
What is the hundreds digit of 955278?
2
What is the thousands digit of 1826675?
6
What is the tens digit of 282543?
4
What is the ten thousands digit of 2171266?
7
What is the tens digit of 3719884?
8
What is the hundreds digit of 3613744?
7
What is the tens digit of 482934?
3
What is the hundred thousands digit of 2902854?
9
What is the hundreds digit of 443179?
1
What is the hundred thousands digit of 12618410?
6
What is the tens digit of 12217926?
2
What is the units digit of 431696?
6
What is the units digit of 518764?
4
What is the hundreds digit of 19526037?
0
What is the units digit of 7280689?
9
What is the millions digit of 1273183?
1
What is the hundred thousands digit of 4338279?
3
What is the hundreds digit of 756876?
8
What is the hundred thousands digit of 362409?
3
What is the tens digit of 148263?
6
What is the units digit of 166864?
4
What is the ten thousands digit of 43831?
4
What is the hundreds digit of 1006952?
9
What is the hundreds digit of 344712?
7
What is the ten millions digit of 21005889?
2
What is the thousands digit of 734148?
4
What is the millions digit of 14951439?
4
What is the ten thousands digit of 2722607?
2
What is the thousands digit of 93820?
3
What is the tens digit of 370590?
9
What is the tens digit of 3002?
0
What is the units digit of 19466962?
2
What is the hundred thousands digit of 28870092?
8
What is the millions digit of 3682825?
3
What is the thousands digit of 3416753?
6
What is the hundred thousands digit of 474930?
4
What is the units digit of 956677?
7
What is the units digit of 666180?
0
What is the ten thousands digit of 716443?
1
What is the hundreds digit of 78450?
4
What is the ten millions digit of 12850127?
1
What is the hundreds digit of 1480484?
4
What is the millions digit of 1201934?
1
What is the units digit of 10131916?
6
What is the hundreds digit of 1156281?
2
What is the hundreds digit of 2469313?
3
What is the tens digit of 21341?
4
What is the ten thousands digit of 5446001?
4
What is the ten thousands digit of 294623?
9
What is the hundred thousands digit of 1817110?
8
What is the thousands digit of 133160?
3
What is the ten thousands digit of 3320693?
2
What is the thousands digit of 714245?
4
What is the millions digit of 1917163?
1
What is the hundreds digit of 4944392?
3
What is the hundreds digit of 2482722?
7
What is the tens digit of 4503985?
8
What is the thousands digit of 60121?
0
What is the ten thousands digit of 1911838?
1
What is the hundreds digit of 142743?
7
What is the thousands digit of 875747?
5
What is the ten thousands digit of 39571595?
7
What is the hundred thousands digit of 4391740?
3
What is the ten thousands digit of 484253?
8
What is the ten thousands digit of 2077051?
7
What is the hundred thousands digit of 3909137?
9
What is the hundred thousands digit of 261044?
2
What is the ten thousands digit of 118541?
1
What is the hundred thousands digit of 614263?
6
What is the ten thousands digit of 1716473?
1
What is the tens digit of 6972083?
8
What is the units digit of 5244150?
0
What is the units digit of 102353?
3
What is the ten thousands digit of 119095?
1
What is the ten thousands digit of 268863?
6
What is the units digit of 165531?
1
What is the millions digit of 3340202?
3
What is the units digit of 12223256?
6
What is the millions digit of 2447012?
2
What is the units digit of 510802?
2
What is the ten thousands digit of 264427?
6
What is the tens digit of 599166?
6
What is the ten millions digit of 36576965?
3
What is the units digit of 1190799?
9
What is the hundred thousands digit of 457835?
4
What is the millions digit of 15928083?
5
What is the thousands digit of 88842?
8
What is the ten millions digit of 16148779?
1
What is the thousands digit of 1340800?
0
What is the hundreds digit of 4253682?
6
What is the ten thousands digit of 8467190?
6
What is the thousands digit of 21724172?
4
What is the units digit of 1457991?
1
What is the hundred thousands digit of 141392?
1
What is the thousands digit of 39212?
9
What is the units digit of 438472?
2
What is the tens digit of 5773244?
4
What is the tens digit of 14448347?
4
What is the units digit of 12113?
3
What is the hundred thousands digit of 1686234?
6
What is the thousands digit of 2169339?
9
What is the hundred thousands digit of 9733482?
7
What is the ten thousands digit of 22968541?
6
What is the tens digit of 7967644?
4
What is the ten thousands digit of 425232?
2
What is the thousands digit of 10102624?
2
What is the ten thousands digit of 205411?
0
What is the tens digit of 1398662?
6
What is the thousands digit of 268954?
8
What is the hundred thousands digit of 927161?
9
What is the millions digit of 4120387?
4
What is the tens digit of 20135459?
5
What is the tens digit of 290668?
6
What is the thousands digit of 9339843?
9
What is the units digit of 1863934?
4
What is the hundred thousands digit of 920604?
9
What is the hundred thousands digit of 130650?
1
What is the hundreds digit of 126522?
5
What is the hundreds digit of 1109424?
4
What is the tens digit of 5452028?
2
What is the thousands digit of 641165?
1
What is the thousands digit of 636557?
6
What is the units digit of 1079916?
6
What is the thousands digit of 7106203?
6
What is the thousands digit of 8763588?
3
What is the hundreds digit of 512493?
4
What is the tens digit of 1144490?
9
What is the thousands digit of 1192199?
2
What is the ten thousands digit of 1274728?
7
What is the thousands digit of 84254?
4
What is the tens digit of 1117973?
7
What is the tens digit of 10185427?
2
What is the tens digit of 1192590?
9
What is the tens digit of 187313?
1
What is the tens digit of 3883453?
5
What is the hundreds digit of 530271?
2
What is the hundreds digit of 18731600?
6
What is the hundreds digit of 6413174?
1
What is the hundreds digit of 2754063?
0
What is the thousands digit of 23684413?
4
What is the thousands digit of 173639?
3
What is the hundred thousands digit of 204317?
2
What is the hundred thousands digit of 1807603?
8
What is the thousands digit of 664319?
4
What is the ten thousands digit of 963446?
6
What is the hundreds digit of 88134?
1
What is the thousands digit of 104875?
4
What is the hundred thousands digit of 209647?
2
What is the hundreds digit of 234189?
1
What is the ten thousands digit of 5432306?
3
What is the ten thousands digit of 100047?
0
What is the thousands digit of 144165?
4
What is the ten thousands digit of 549467?
4
What is the ten thousands digit of 6644528?
4
What is the millions digit of 4561171?
4
What is the millions digit of 6287923?
6
What is the hundreds digit of 9962275?
2
What is the tens digit of 94079?
7
What is the ten thousands digit of 3938458?
3
What is the tens digit of 306483?
8
What is the thousands digit of 656121?
6
What is the thousands digit of 10123397?
3
What is the tens digit of 279859?
5
What is the units digit of 2421243?
3
What is the units digit of 226182?
2
What is the ten thousands digit of 390968?
9
What is the hundred thousands digit of 290439?
2
What is the millions digit of 1649040?
1
What is the ten thousands digit of 367046?
6
What is the tens digit of 1113205?
0
What is the hundred thousands digit of 449495?
4
What is the hundred thousands digit of 2709973?
7
What is the ten thousands digit of 3117602?
1
What is the ten thousands digit of 311704?
1
What is the millions digit of 17961235?
7
What is the tens digit of 1119830?
3
What is the units digit of 3062253?
3
What is the hundred thousands dig